s the remainder when 42 is divided by n(1)?
9
Let v = -2 + 9. Let j(w) = -2*w**2 - 15*w - 6. Calculate the remainder when j(-6) is divided by v.
5
Calculate the remainder when (-5 + 2 - -1) + 31 is divided by 15.
14
Let o(z) = z**3 + 4*z**2 - z - 3. Let a be o(3). Let f = -20 + a. What is the remainder when f is divided by 10?
7
Let s(p) = p**3 - 15*p**2 + 21. Suppose 4 = 2*a - 12. Calculate the remainder when s(15) is divided by a.
5
Suppose 149 = 5*j + 29. Calculate the remainder when 34 is divided by j.
10
Suppose -3*m - 10 = g, 0 = 4*g - 3*m - m - 24. Suppose 0 = g*p + 5*q - 19, 4*p + q - 59 = -2*q. Calculate the remainder when p is divided by 9.
8
Let b = 7 - -60. Let g = b + -42. Suppose -7*r + g = -2*r. Calculate the remainder when r is divided by 2.
1
Suppose 2*t - t - 8 = 0. Let x = 6 - -8. Calculate the remainder when x is divided by t.
6
Suppose 5*c - 27 = 18. Let z(g) = 2*g**2 - 4*g - 4. Let i be (-6)/(1 - 2 - -3). What is the remainder when z(i) is divided by c?
8
Suppose -a + 1 + 2 = 0. Suppose 4*s = 7*s - a. Calculate the remainder when s is divided by 1.
0
Suppose m - 10 - 4 = 0. Calculate the remainder when m is divided by 10/(1 - (-1 + 0)).
4
Let x(y) = -8*y + 2. Let b(h) = h. Let u be b(-2). Let l be x(u). Let j = 27 - l. Calculate the remainder when 17 is divided by j.
8
Calculate the remainder when 57 is divided by 13 - 2*(-2 - -1).
12
Suppose -3 = -3*g + 9. Suppose h = 4*w + 101, 0*h + 364 = 4*h + g*w. What is the remainder when h is divided by 24?
21
Let y be 10/(0 + 2) + 0. Suppose -m = -2*c + 4 - 1, -4*c = -m - y. What is the remainder when (6/9)/((-2)/(-3)) is divided by c?
0
Let f = 46 - 38. What is the remainder when f is divided by 5?
3
Suppose 6 + 0 = -2*a. Let i = 5 - a. Let h = -53 - -58. Calculate the remainder when i is divided by h.
3
What is the remainder when 23 is divided by -27*(-3 - (-32)/12)?
5
Suppose 6*p = -4*p + 310. What is the remainder when p is divided by 12?
7
Let i(v) = v**2 - 8*v + 7. Let t be i(8). Let u = t + -3. Suppose -4*k - 2*m + 80 = 0, k - 4 = u*m + 16. What is the remainder when 38 is divided by k?
18
Let s(a) = -a**2 - 16*a - 2. Suppose 2*i + 3*v + 23 = 0, -2*i + 3*v = 2*v + 35. Let b = i + 7. Calculate the remainder when s(b) is divided by 21.
19
Let v(x) = 5*x**2 + 4*x - 1. Suppose -2 - 12 = k. Let c(l) = l**2 + 13*l + 3. What is the remainder when v(-3) is divided by c(k)?
15
Suppose -3*q - 25 = -8*q. Suppose 4*y = 3*y + 57. What is the remainder when y is divided by -3*q*2/(-2)?
12
Suppose -4*z + 0*z = 48. Let v(y) = -3*y - 17. Suppose 0 = 5*o - o - 28. What is the remainder when v(z) is divided by o?
5
Suppose -4*q = 29 - 137. What is the remainder when 80 is divided by q?
26
Suppose 9*r - 26 = 1. Let x = 9 + 11. Suppose 0*n - x = -4*n. What is the remainder when n is divided by r?
2
Let b = 91 + -30. Calculate the remainder when 301 is divided by b.
57
Let q = -5 + 9. Suppose i + q*i = 210. Suppose -i = -c - c. What is the remainder when c is divided by 11?
10
What is the remainder when (-3)/((-165)/39 - -4) is divided by 7?
6
Let a(y) = -3*y - 10. Let v be a(-6). Suppose v*l - 3*l = 110. What is the remainder when l is divided by 8?
6
Let g(x) be the first derivative of -x**4/4 - 5*x**3/3 + 3*x**2/2 - 6*x + 2. Let m be g(-5). Let h = 32 + m. What is the remainder when h is divided by 6?
5
Let b = -25 - -36. Calculate the remainder when 53 is divided by b.
9
Let p(x) = 2*x - 5. Let l be (-15)/(-3) + 4 + -1. Let f(m) = -2*m - 3. What is the remainder when p(l) is divided by f(-5)?
4
Let y = 111 - 76. What is the remainder when y is divided by 14?
7
Let g = -7 + 10. Suppose 0 = 5*p - g*w - 30, 0 = 3*p - w + 3*w - 18. Calculate the remainder when 11 is divided by p.
5
Let u(n) = -n**2 + 4*n. Let z be u(2). Suppose -z*h = -9*h. Suppose h = 3*k - 8*k + 55. What is the remainder when 21 is divided by k?
10
Let k = 4 + 11. Calculate the remainder when k is divided by 5.
0
Suppose -32 = -3*o + 7*o. Let d(g) = g**2 + 6*g + 14. Calculate the remainder when d(o) is divided by 8.
6
Let z(n) be the third derivative of -11*n**4/12 - 6*n**2. What is the remainder when 65 is divided by z(-1)?
21
Suppose 10 = 2*i + 3*i. Suppose i*v + v - 21 = 0. What is the remainder when 20 is divided by v?
6
Suppose -7*g = -10*g + 27. Suppose 5*q + 4*b = 97 + 40, 5*b = -2*q + 65. Calculate the remainder when q is divided by g.
7
Suppose -2*a + 3*l - l = -64, -3*a + 96 = l. Let p(j) = 3*j + 2. Calculate the remainder when a is divided by p(3).
10
Suppose 2*t - 9 = 9. Calculate the remainder when 34 is divided by t.
7
Suppose -3*t = -58 - 17. Suppose -2*v = -4*v + 26. Calculate the remainder when t is divided by v.
12
Suppose 48 + 29 = 7*b. Calculate the remainder when 41 is divided by b.
8
Let b = 10 - 6. Suppose -v - 2 + 5 = 0. Suppose 0 = -u + k + b, -5*u + v*k + 25 = -k. What is the remainder when 26 is divided by u?
8
Suppose u - 5*g - 8 = -3*u, 0 = -3*u - 5*g + 6. Let y be ((-21 + 1)/u)/(-2). Calculate the remainder when 10 is divided by 15/4 - y/(-20).
2
Let b(z) = z - 2. Let n be b(5). Suppose -n*c = -12 - 9. Calculate the remainder when c is divided by 3.
1
Let k be 9/2 - 5/(-10). Let r = 11 + k. What is the remainder when r is divided by 6?
4
Suppose 5*q - 5 = -0*q. What is the remainder when 2 is divided by q?
0
Suppose 2 = -2*d, 2*u - 5*d - 30 = -3*d. Calculate the remainder when 82 is divided by u.
12
Let x(g) = 32*g - 61. Let h(p) = -2*p - 3. Calculate the remainder when h(-5) is divided by x(2).
1
Let l(h) = -h**2 + 9*h - 2. What is the remainder when l(3) is divided by 9?
7
Suppose 3*o = n + 81, 0 = -2*o - 3*o - 4*n + 135. Calculate the remainder when o is divided by 10.
7
Suppose -4*f + 68 = 4*n, 35 = n - 5*f - 0*f. What is the remainder when 33 is divided by n?
13
Let u(z) = 7*z**2 + 2*z - 1. What is the remainder when 13 is divided by u(1)?
5
Suppose 3*l - 5*y - 53 = 0, l - 3*l + 50 = 4*y. Calculate the remainder when 103 is divided by l.
19
Let f(l) = l + 5. What is the remainder when f(4) is divided by 5?
4
Suppose -4*v = 273 - 753. Suppose -3*n = -7*n + v. Calculate the remainder when n is divided by 11.
8
Suppose 2*y = -w + 6, -3 = -y - 5*w - 9. Calculate the remainder when 377/y - 2/8 is divided by 24.
22
Suppose 4*v - 3*v - 4 = 0. Calculate the remainder when 13 is divided by v.
1
Let y(s) = -2*s**3 - 11*s**2 + 6*s + 8. What is the remainder when y(-6) is divided by 3?
2
Let f = 0 - -10. Suppose -3*c = -c + f. What is the remainder when (-118)/(-4) - c/(-10) is divided by 10?
9
Suppose d = 49 + 18. Let g(b) = 3*b + 83. What is the remainder when d is divided by g(-20)?
21
Let c = 11 + 11. Calculate the remainder when 108 is divided by c.
20
Let g = -17 - -37. Calculate the remainder when 57 is divided by g.
17
Let r = 62 - -26. What is the remainder when r is divided by 18?
16
Let o(a) = a**2 + a - 3. Let t be o(-4). Let f = 2 - t. Calculate the remainder when 17 is divided by (f/(14/(-24)))/2.
5
Let j(o) = o + 10. What is the remainder when 34 is divided by j(-4)?
4
Calculate the remainder when 82 is divided by (-8)/6*297/(-18).
16
Let i(s) = -s - 1. Let z be i(-1). Calculate the remainder when 44 - (3 + z - 6) is divided by 24.
23
Let m(g) = -2*g + 1. Let s be m(-1). Let y be (8/(-6))/(2/(-3)). Suppose -19 - y = -s*i. What is the remainder when 12 is divided by i?
5
Suppose -2 = 8*r - 7*r. Calculate the remainder when 14 is divided by ((-5)/(r/2))/1.
4
Let q(w) = -7*w - 4. Let a be q(3). Let d = a + 39. Calculate the remainder when d is divided by 5.
4
Let m(o) = -o. What is the remainder when m(-24) is divided by 5?
4
Suppose -311 = 4*y + 3*z, 4*y - 2*z + 291 = -z. Let v = y - -121. Let p = 11 + 1. Calculate the remainder when v is divided by p.
11
Suppose 2*a = -a + 507. Suppose -4*l = -3*w - a, -l + 33 = -w - 10. Let x(p) = p**2 - p - 6. What is the remainder when l is divided by x(5)?
12
Let f(d) = -2*d**3 + 14*d**2 + 20. Calculate the remainder when 59 is divided by f(7).
19
Let n(b) = -31*b + 1. Let f be n(-1). Calculate the remainder when 2 + 1 - -1*f is divided by 19.
16
Suppose 4*p + u - 15 = 0, 2*p - u = 5*p - 10. Suppose q - 110 = -4*q + p*m, -3*q + 46 = 2*m. Calculate the remainder when (-1)/(-4) - 207/(-4) is divided by q.
16
Let i = -6 + 20. Suppose 13 = 4*v - 147. 